625 + -3?
-2628
In base 5, what is -223 - -2342?
2114
In base 10, what is -19366 - 46?
-19412
In base 5, what is 24243 + 11?
24304
In base 7, what is -3625100 + 5?
-3625062
In base 7, what is 326 + -4213?
-3554
In base 13, what is -80 + 65a1?
6521
In base 15, what is -7dc8 + -4?
-7dcc
In base 9, what is 127 - -414?
542
In base 11, what is 15401 - 2a?
15382
In base 4, what is -3 - 2323120211?
-2323120220
In base 12, what is -4 - -57406?
57402
In base 3, what is -2010122000 - -1?
-2010121222
In base 4, what is 11323 + -332?
10331
In base 7, what is -31401 + 0?
-31401
In base 9, what is 2204 + -400?
1704
In base 2, what is 10011001111010111 - 1?
10011001111010110
In base 11, what is 5785 + 49?
5823
In base 6, what is 15124 - -11?
15135
In base 6, what is -2155 + 5232?
3033
In base 9, what is 3 + -72422?
-72418
In base 3, what is -1222110202 + -21?
-1222111000
In base 12, what is 7 + 4080a?
40815
In base 2, what is 101100110100 - -1010110?
101110001010
In base 16, what is -3 - -2aa?
2a7
In base 3, what is 10202022 - -21212?
11001011
In base 4, what is -1 - -213020?
213013
In base 5, what is -3024 - 41?
-3120
In base 16, what is -d63 - 0?
-d63
In base 2, what is 10000101111 - -100100010?
10101010001
In base 12, what is 9 - -5638?
5645
In base 11, what is -3675a7 - -3?
-3675a4
In base 9, what is -1615245 - -5?
-1615240
In base 4, what is -111023113302 + 10?
-111023113232
In base 8, what is -233307 - 0?
-233307
In base 2, what is 11010101111 + 10101000?
11101010111
In base 7, what is -5213324 + 3?
-5213321
In base 4, what is -220103 - -310?
-213133
In base 6, what is -1312 + 1?
-1311
In base 16, what is -12 - -175ee?
175dc
In base 11, what is -5 - -431aa?
431a5
In base 8, what is -3242 + 2?
-3240
In base 6, what is -10 - -215505?
215455
In base 12, what is 6 + -1395?
-138b
In base 9, what is 1 - 28585?
-28584
In base 12, what is 37 + -14312?
-14297
In base 10, what is -1706030 - -5?
-1706025
In base 12, what is -2217079 - -2?
-2217077
In base 14, what is 73 - 13c2?
-134d
In base 10, what is 1486 + 754?
2240
In base 7, what is -1311335 + 3?
-1311332
In base 7, what is -16032 + 5?
-16024
In base 14, what is 8 + -1da6?
-1d9c
In base 12, what is -2718 + 226?
-24b2
In base 5, what is 1012012304 - 1?
1012012303
In base 13, what is -8 + 809?
801
In base 9, what is 14 + -1844?
-1830
In base 5, what is 40431103 + 1?
40431104
In base 15, what is -29 - -70?
46
In base 3, what is 22001222 + 12101?
22021100
In base 5, what is -1023444 - 1043?
-1030042
In base 4, what is 12 - 103210213?
-103210201
In base 8, what is 1753 + -57?
1674
In base 9, what is 10533 - 31?
10502
In base 14, what is 3 - 481d2?
-481cd
In base 13, what is -38ca + -6?
-3903
In base 5, what is 2 - -1410232?
1410234
In base 5, what is -1220 - -1302?
32
In base 13, what is 196 + 169a?
1863
In base 8, what is 3 - 2434?
-2431
In base 5, what is -3 - 34304313?
-34304321
In base 4, what is 131201 - -103131?
300332
In base 14, what is -13 - -c041?
c02c
In base 11, what is -10a3921 + -3?
-10a3924
In base 16, what is 7 + 109?
110
In base 15, what is -d1e + 14?
-d0a
In base 10, what is 36 - 244?
-208
In base 15, what is -31 - -7e3?
7b2
In base 15, what is 30 + -1824?
-17e4
In base 3, what is -1022 + 11222200?
11221101
In base 2, what is 1011011101100 + 1010?
1011011110110
In base 5, what is 11144040 - 0?
11144040
In base 4, what is -2233230 + -1213?
-2301103
In base 8, what is -1277 - 26?
-1325
In base 6, what is -2241 - 4544?
-11225
In base 11, what is -235724 - 1?
-235725
In base 16, what is 1103 - -5?
1108
In base 2, what is 110001010010101010 - -101?
110001010010101111
In base 10, what is -26 + 72?
46
In base 15, what is 61 + 962?
9c3
In base 4, what is -3121033 - 10?
-3121103
In base 3, what is -201110 - -1?
-201102
In base 11, what is -3 + -15410?
-15413
In base 13, what is -a + -1007?
-1014
In base 4, what is 11212213010 + 2?
11212213012
In base 12, what is 303 + 1201?
1504
In base 7, what is -456 + 431?
-25
In base 9, what is -75 - 176?
-262
In base 16, what is -4 + 3eac?
3ea8
In base 11, what is 230 - -12?
242
In base 7, what is -26 + 525?
466
In base 6, what is -3 + -2300?
-2303
In base 13, what is 25 + -112c?
-1107
In base 4, what is -130100 - -33120?
-30320
In base 4, what is 2311102 + -223?
2310213
In base 6, what is 5 + -11135351?
-11135342
In base 11, what is 4 + a943a7?
a94400
In base 6, what is 211 - 1330?
-1115
In base 10, what is 2 + 17474?
17476
In base 15, what is -2 - 3c845?
-3c847
In base 6, what is -11354432 + 3?
-11354425
In base 12, what is -a2148 - 2?
-a214a
In base 15, what is -1 - -132dce?
132dcd
In base 4, what is -20202331112 + -10?
-20202331122
In base 3, what is -20010 - -211?
-12022
In base 16, what is 6 - 18d2?
-18cc
In base 14, what is d + 91d?
92c
In base 13, what is -b11 - 15?
-b26
In base 10, what is -4 - -970376?
970372
In base 12, what is b9 - -709?
806
In base 2, what is 1010001010100 - 11000?
1010000111100
In base 16, what is -1ed3e + -1?
-1ed3f
In base 5, what is -222 - 14343?
-20120
In base 9, what is 325 + 10?
335
In base 12, what is -2 - 5143a?
-51440
In base 10, what is -29443 - 10?
-29453
In base 11, what is -260 + -14a?
-3aa
In base 4, what is 3 + 1131301021?
1131301030
In base 4, what is 1113 + 11333?
13112
In base 7, what is -35 + 1035?
1000
In base 7, what is -205031 - -1?
-205030
In base 14, what is 3 - -10844?
10847
In base 11, what is a62 + -619?
444
In base 3, what is -10 - -12120221100?
12120221020
In base 3, what is 2012012000 - 12?
2012011211
In base 5, what is 1 - 10414212?
-10414211
In base 3, what is -211010 + -10021210?
-11002220
In base 15, what is 744a - -1?
744b
In base 8, what is 16 + 14272?
14310
In base 11, what is 1507 - -140?
1647
In base 12, what is 133 - -972?
aa5
In base 16, what is 3a8 + b?
3b3
In base 11, what is -5277 + -90?
-5357
In base 9, what is 2 + 35845?
35847
In base 11, what is -29003 + -4?
-29007
In base 13, what is 0 - 39b0?
-39b0
In base 14, what is -2 - 8a94?
-8a96
In base 4, what is -1210332 - -2300?
-1202032
In base 10, what is 26438 + -9?
26429
In base 13, what is 1 - 82557?
-82556
In base 14, what is -3c953 - 2?
-3c955
In base 3, what is -1011012020 - 12?
-1011012102
In base 10, what is 0 - 638522?
-638522
In base 3, what is 202202 - -2000?
211202
In base 12, what is -18a + -42?
-210
In base 14, what is 1 - 435c2?
-435c1
In base 6, what is 34 - -31055?
31133
In base 14, what is -5 - -1b03d?
1b038
In base 2, what is 11 + 100010010100100010?
100010010100100101
In base 4, what is 10 + 100331321?
100331331
In base 3, what is -20011 + 101220?
11202
In base 2, what is 111111111001 - 10001001?
111101110000
In base 7, what is 30346 + 61?
30440
In base 2, what is 100110101 - 10101010?
10001011
In base 4, what is 33201 - 133?
33002
In base 6, what is -500412 - -3?
-500405
In base 10, what is -27213 - -1?
-27212
In base 11, what is 164 + -24?
140
In base 6, what is -235 - -302?
23
In base 3, what is 10022011121 + 212?
10022012110
In base 11, what is 24252 - -7?
24259
In base 15, what is -378b - 5?
-3791
In base 7, what is -13302 + 114?
-13155
In base 9, what is 881151 - -4?
881155
In base 14, what is 3d - 1c9?
-18a
In base 15, what is -1 - 5702?
-5703
In base 4, what is 0 + 100331021?
100331021
In base 13, what is 11259 + -141?
11118
In base 12, what is 2b0 + -482?
-192
In base 13, what is -7 + -2c97?
-2ca1
In base 11, what is -2 - 2382?
-2384
In base 15, what is -3 + 66e1b?
66e18
In base 10, what is -10 - 39581?
-39591
In base 3, what is -210222122 - 10?
-210222202
In base 15, what is 1d6c - 72?
1cea
In base 7, what is -105400 + -2?
-105402
In base 6, what is -143 - -4545?
4402
In base 4, what is 10 + 1210022?
1210032
In base 7, what is 22116 + 6?
22125
In base 16, what is -2b99 - -64?
-2b35
In base 3, what is -10 + 11001020220?
11001020210
In base 8, what is -22 + -400432?
-400454
In base 15, what is 2721 - -2?
2723
In base 5, what is -10 - 302131033?
-302131043
In base 5, what is -4 - -2141120?
2141111
In base 2, what is -100111101111000 - -1001?
-100111101101111
In base 3, what is 210210011 + -200?
210202111
In base 13, what is 63c769 - 3?
63c766
In base 10, what is -229889 + 6?
-229883
In base 7, what is 265 + 204104?
204402
In base 8, what is 3 - -1252652?
1252655
In base 5, what is -13014321 + 10?
-13014311
In b